{"id":75091,"date":"2018-01-03T10:42:15","date_gmt":"2018-01-03T12:42:15","guid":{"rendered":"http:\/\/bscengenharia.com.br\/site\/?page_id=75091"},"modified":"2020-01-24T17:47:39","modified_gmt":"2020-01-24T20:47:39","slug":"fale-conosco","status":"publish","type":"page","link":"http:\/\/bscengenharia.com.br\/site\/fale-conosco\/","title":{"rendered":"Contato"},"content":{"rendered":"<p>[vc_row][vc_column width=&#8221;3\/4&#8243;][vc_custom_heading text=&#8221;Fale conosco&#8221; font_container=&#8221;tag:h4|font_size:24|text_align:left&#8221; el_class=&#8221;titulo_preto&#8221;][vc_column_text]Est\u00e1 com d\u00favidas? Tem alguma sugest\u00e3o? Reclama\u00e7\u00e3o? Solicita\u00e7\u00e3o? Entre em contato conosco.[\/vc_column_text][vc_empty_space height=&#8221;30&#8243;]<div role=\"form\" class=\"wpcf7\" id=\"wpcf7-f75097-o1\" lang=\"pt-BR\" dir=\"ltr\">\n<div class=\"screen-reader-response\"><p role=\"status\" aria-live=\"polite\" aria-atomic=\"true\"><\/p> <ul><\/ul><\/div>\n<form action=\"\/site\/wp-json\/wp\/v2\/pages\/75091#wpcf7-f75097-o1\" method=\"post\" class=\"wpcf7-form init\" novalidate=\"novalidate\" data-status=\"init\">\n<div style=\"display: none;\">\n<input type=\"hidden\" name=\"_wpcf7\" value=\"75097\" \/>\n<input type=\"hidden\" name=\"_wpcf7_version\" value=\"5.4\" \/>\n<input type=\"hidden\" name=\"_wpcf7_locale\" value=\"pt_BR\" \/>\n<input type=\"hidden\" name=\"_wpcf7_unit_tag\" value=\"wpcf7-f75097-o1\" \/>\n<input type=\"hidden\" name=\"_wpcf7_container_post\" value=\"0\" \/>\n<input type=\"hidden\" name=\"_wpcf7_posted_data_hash\" value=\"\" \/>\n<\/div>\n<p><label style=\"width:32%;float:left;margin-right:2%;\"><span class=\"wpcf7-form-control-wrap nome\"><input type=\"text\" name=\"nome\" value=\"\" size=\"40\" class=\"wpcf7-form-control wpcf7-text wpcf7-validates-as-required\" aria-required=\"true\" aria-invalid=\"false\" placeholder=\"Nome\" \/><\/span> <\/label><label style=\"width:32%;float:left;margin-right:2%;\"><span class=\"wpcf7-form-control-wrap email\"><input type=\"email\" name=\"email\" value=\"\" size=\"40\" class=\"wpcf7-form-control wpcf7-text wpcf7-email wpcf7-validates-as-required wpcf7-validates-as-email\" aria-required=\"true\" aria-invalid=\"false\" placeholder=\"E-mail\" \/><\/span> <\/label><label style=\"width:32%;float:left;\"><span class=\"wpcf7-form-control-wrap telefone\"><input type=\"text\" name=\"telefone\" value=\"\" size=\"40\" class=\"wpcf7-form-control wpcf7-text wpcf7-validates-as-required\" aria-required=\"true\" aria-invalid=\"false\" placeholder=\"Telefone\" \/><\/span> <\/label><br \/>\n<label><br \/>\n    <span class=\"wpcf7-form-control-wrap assunto\"><input type=\"text\" name=\"assunto\" value=\"\" size=\"40\" class=\"wpcf7-form-control wpcf7-text\" aria-invalid=\"false\" placeholder=\"Assunto\" \/><\/span> <\/label><br \/>\n<label><span class=\"wpcf7-form-control-wrap mensagem\"><textarea name=\"mensagem\" cols=\"40\" rows=\"10\" class=\"wpcf7-form-control wpcf7-textarea\" aria-invalid=\"false\" placeholder=\"Mensagem\"><\/textarea><\/span> <\/label><\/p>\n<div class=\"botao_fale_conosco_submit\"><input type=\"submit\" value=\"Enviar\" class=\"wpcf7-form-control wpcf7-submit\" \/><\/div>\n<div class=\"wpcf7-response-output\" aria-hidden=\"true\"><\/div><\/form><\/div>[\/vc_column][vc_column width=&#8221;1\/4&#8243;][vc_row_inner css=&#8221;.vc_custom_1433413594838{margin-bottom: 40px !important;}&#8221;][vc_column_inner][vc_custom_heading text=&#8221;Contato&#8221; font_container=&#8221;tag:h2|font_size:24|text_align:left&#8221;][vc_column_text]<\/p>\n<div class=\"contato_informacoes\">\n<p><i class=\"fa fa-home fa-fw\" aria-hidden=\"true\"><\/i>Av. T4, 1478, Ed. Absolut Business. Setor Bueno.<\/p>\n<p><i class=\"fa fa-map-marker fa-fw\"><\/i>Goi\u00e2nia &#8211; Goi\u00e1s<\/p>\n<p><i class=\"fa fa-phone fa-fw\"><\/i> (62) 3245-1085<\/p>\n<p><i class=\"fa fa-envelope fa-fw\"><\/i> bsc@bscengenharia.com.br<\/p>\n<\/div>\n<p>[\/vc_column_text][\/vc_column_inner][\/vc_row_inner][vc_row_inner][vc_column_inner][vc_custom_heading text=&#8221;Redes sociais&#8221; font_container=&#8221;tag:h2|font_size:24|text_align:left&#8221;][vc_raw_html]JTNDdWwlMjBjbGFzcyUzRCUyMmxpc3RhX21pZGlhX3NvY2lhbCUyMiUzRSUwQSUzQ2xpJTNFJTNDYSUyMGhyZWYlM0QlMjIlMjMlMjIlM0UlM0NpJTIwY2xhc3MlM0QlMjJmYSUyMGZhLWxpbmtlZGluLXNxdWFyZSUyMiUyMGFyaWEtaGlkZGVuJTNEJTIydHJ1ZSUyMiUzRSUzQyUyRmklM0UlM0MlMkZhJTNFJTBBJTNDbGklM0UlM0NhJTIwaHJlZiUzRCUyMiUyMyUyMiUzRSUzQ2klMjBjbGFzcyUzRCUyMmZhJTIwZmEteW91dHViZS1zcXVhcmUlMjIlMjBhcmlhLWhpZGRlbiUzRCUyMnRydWUlMjIlM0UlM0MlMkZpJTNFJTNDJTJGYSUzRSUwQSUzQyUyRnVsJTNF[\/vc_raw_html][\/vc_column_inner][\/vc_row_inner][\/vc_column][\/vc_row]<\/p>\n","protected":false},"excerpt":{"rendered":"<p>[vc_row][vc_column width=&#8221;3\/4&#8243;][vc_custom_heading text=&#8221;Fale conosco&#8221; font_container=&#8221;tag:h4|font_size:24|text_align:left&#8221; el_class=&#8221;titulo_preto&#8221;][vc_column_text]Est\u00e1 com d\u00favidas? Tem alguma sugest\u00e3o? Reclama\u00e7\u00e3o? Solicita\u00e7\u00e3o? Entre em contato conosco.[\/vc_column_text][vc_empty_space height=&#8221;30&#8243;][\/vc_column][vc_column width=&#8221;1\/4&#8243;][vc_row_inner css=&#8221;.vc_custom_1433413594838{margin-bottom: 40px !important;}&#8221;][vc_column_inner][vc_custom_heading text=&#8221;Contato&#8221; font_container=&#8221;tag:h2|font_size:24|text_align:left&#8221;][vc_column_text] Av. T4, 1478, Ed. Absolut Business. Setor Bueno. Goi\u00e2nia &#8211; Goi\u00e1s (62) 3245-1085 bsc@bscengenharia.com.br [\/vc_column_text][\/vc_column_inner][\/vc_row_inner][vc_row_inner][vc_column_inner][vc_custom_heading text=&#8221;Redes sociais&#8221; font_container=&#8221;tag:h2|font_size:24|text_align:left&#8221;][vc_raw_html]JTNDdWwlMjBjbGFzcyUzRCUyMmxpc3RhX21pZGlhX3NvY2lhbCUyMiUzRSUwQSUzQ2xpJTNFJTNDYSUyMGhyZWYlM0QlMjIlMjMlMjIlM0UlM0NpJTIwY2xhc3MlM0QlMjJmYSUyMGZhLWxpbmtlZGluLXNxdWFyZSUyMiUyMGFyaWEtaGlkZGVuJTNEJTIydHJ1ZSUyMiUzRSUzQyUyRmklM0UlM0MlMkZhJTNFJTBBJTNDbGklM0UlM0NhJTIwaHJlZiUzRCUyMiUyMyUyMiUzRSUzQ2klMjBjbGFzcyUzRCUyMmZhJTIwZmEteW91dHViZS1zcXVhcmUlMjIlMjBhcmlhLWhpZGRlbiUzRCUyMnRydWUlMjIlM0UlM0MlMkZpJTNFJTNDJTJGYSUzRSUwQSUzQyUyRnVsJTNF[\/vc_raw_html][\/vc_column_inner][\/vc_row_inner][\/vc_column][\/vc_row]<\/p>\n","protected":false},"author":1,"featured_media":0,"parent":0,"menu_order":0,"comment_status":"closed","ping_status":"closed","template":"","meta":[],"_links":{"self":[{"href":"http:\/\/bscengenharia.com.br\/site\/wp-json\/wp\/v2\/pages\/75091"}],"collection":[{"href":"http:\/\/bscengenharia.com.br\/site\/wp-json\/wp\/v2\/pages"}],"about":[{"href":"http:\/\/bscengenharia.com.br\/site\/wp-json\/wp\/v2\/types\/page"}],"author":[{"embeddable":true,"href":"http:\/\/bscengenharia.com.br\/site\/wp-json\/wp\/v2\/users\/1"}],"replies":[{"embeddable":true,"href":"http:\/\/bscengenharia.com.br\/site\/wp-json\/wp\/v2\/comments?post=75091"}],"version-history":[{"count":24,"href":"http:\/\/bscengenharia.com.br\/site\/wp-json\/wp\/v2\/pages\/75091\/revisions"}],"predecessor-version":[{"id":75621,"href":"http:\/\/bscengenharia.com.br\/site\/wp-json\/wp\/v2\/pages\/75091\/revisions\/75621"}],"wp:attachment":[{"href":"http:\/\/bscengenharia.com.br\/site\/wp-json\/wp\/v2\/media?parent=75091"}],"curies":[{"name":"wp","href":"https:\/\/api.w.org\/{rel}","templated":true}]}}